{"id":278,"date":"2020-09-11T02:58:08","date_gmt":"2020-09-11T02:58:08","guid":{"rendered":"http:\/\/studioasario.fr\/index.php\/testimonial\/"},"modified":"2025-06-17T22:42:36","modified_gmt":"2025-06-17T22:42:36","slug":"studio","status":"publish","type":"page","link":"https:\/\/studioasario.fr\/index.php\/studio\/","title":{"rendered":"Studio"},"content":{"rendered":"\t\t<div data-elementor-type=\"wp-page\" data-elementor-id=\"278\" class=\"elementor elementor-278\">\n\t\t\t\t\t\t\t\t\t<section class=\"elementor-section elementor-top-section elementor-element elementor-element-27be731 elementor-section-boxed elementor-section-height-default elementor-section-height-default\" data-id=\"27be731\" data-element_type=\"section\">\n\t\t\t\t\t\t<div class=\"elementor-container elementor-column-gap-default\">\n\t\t\t\t\t<div class=\"elementor-column elementor-col-100 elementor-top-column elementor-element elementor-element-304b5e0\" data-id=\"304b5e0\" data-element_type=\"column\">\n\t\t\t<div class=\"elementor-widget-wrap elementor-element-populated\">\n\t\t\t\t\t\t\t\t<div class=\"elementor-element elementor-element-635220e elementor-widget elementor-widget-text-editor\" data-id=\"635220e\" data-element_type=\"widget\" data-widget_type=\"text-editor.default\">\n\t\t\t\t<div class=\"elementor-widget-container\">\n\t\t\t\t\t\t\t<p>Le Studio Asario est un atelier d&rsquo;architecture fond\u00e9 en 2010 par Jean-Marc Rio, architecte DPLG. Situ\u00e9 \u00e0 Issy-les-Moulineaux (92), dans le Grand Paris Seine Ouest, il r\u00e9unit des experts ind\u00e9pendants pour chaque mission : architectes partenaires, ing\u00e9nieurs sp\u00e9cialis\u00e9s, paysagistes, chefs de chantier, architectes d&rsquo;int\u00e9rieurs&#8230; Le niveau d&rsquo;exp\u00e9rience est le fruit d&rsquo;un travail de plus de 20 ans aupr\u00e8s des plus grands noms de l&rsquo;architecture, dans les projets culturels et sportifs d&rsquo;une part, et dans la restructuration du patrimoine remarquable d&rsquo;autre part.<\/p><p>HISTOIRES &#8211; ID\u00c9E &#8211; PROJET<br \/>Le Studio Asario confirme son engagement pour g\u00e9n\u00e9rer les transformations des b\u00e2timents existants afin d&rsquo;explorer tout son potentiel et de consid\u00e9rer son optimisation.<\/p><p>En imaginant l&rsquo;am\u00e9lioration du cadre de vie, nous pensons une architecture saine, respectueuse, inventive et sensationnelle, \u00e0 la mesure du programme. L&rsquo;architecture devient l&#8217;empreinte g\u00e9om\u00e9trique de fragments de paysages, par l&rsquo;assemblage de mati\u00e8res extraites de la culture du territoire. Nous visons une qualit\u00e9 d&rsquo;habitabilit\u00e9 irr\u00e9prochable port\u00e9e par la transition \u00e9nerg\u00e9tique, et une attitude responsable envers l&rsquo;innovation du design : des extras sans exc\u00e8s.<br \/><br \/>Nous souhaitons partager notre r\u00e9flexion sur la m\u00e9tamorphose intelligente de la ville de demain, concevoir et construire avec les maitres d&rsquo;ouvrages pulics et priv\u00e9s des b\u00e2timents prometteurs.<br \/><br \/>Les concepts sont propos\u00e9s sur la base de plans sch\u00e9matiques, de croquis et d&rsquo;images 3D photor\u00e9alistes. Les \u00e9tudes de projets sont r\u00e9alis\u00e9s en BIM sur\u00a0 les logiciels Revit et Rhinoc\u00e9ros. Le recours \u00e0 l&rsquo;IA peut servir certaines op\u00e9rations cibl\u00e9es.<\/p><ul><li><p>Esquisses par conception de volumes 3D, rendus d&rsquo;images photor\u00e9alistes et vid\u00e9os<\/p><\/li><li><p>Etudes de conception architecturale en BIM (toutes phases) , permis de construire et d\u00e9tails architecturaux<\/p><\/li><li><p>Agencements d&rsquo;int\u00e9rieur, design de concepts stores et sc\u00e9nographies<\/p><\/li><li><p>Suivi de travaux<\/p><\/li><li><p>Assistance au Ma\u00eetre d&rsquo;ouvrage (conseils, jurys de concours&#8230;)<\/p><\/li><li>R\u00e9flexions sur l&rsquo;architecture r\u00e9versible : \u00e9volutions et mutations des usages<\/li><\/ul>\t\t\t\t\t\t<\/div>\n\t\t\t\t<\/div>\n\t\t\t\t\t<\/div>\n\t\t<\/div>\n\t\t\t\t\t\t\t<\/div>\n\t\t<\/section>\n\t\t\t\t\t\t\t<\/div>\n\t\t","protected":false},"excerpt":{"rendered":"<p>Le Studio Asario est un atelier d&rsquo;architecture fond\u00e9 en 2010 par Jean-Marc Rio, architecte DPLG. Situ\u00e9 \u00e0 Issy-les-Moulineaux (92), dans le Grand Paris Seine Ouest, il r\u00e9unit des experts ind\u00e9pendants pour chaque mission : architectes partenaires, ing\u00e9nieurs sp\u00e9cialis\u00e9s, paysagistes, chefs de chantier, architectes d&rsquo;int\u00e9rieurs&#8230; Le niveau d&rsquo;exp\u00e9rience est le fruit d&rsquo;un travail de plus de &hellip;<\/p>\n<p class=\"read-more\"> <a class=\"\" href=\"https:\/\/studioasario.fr\/index.php\/studio\/\"> <span class=\"screen-reader-text\">Studio<\/span> Lire la suite\u00a0\u00bb<\/a><\/p>\n","protected":false},"author":1,"featured_media":0,"parent":0,"menu_order":1,"comment_status":"closed","ping_status":"closed","template":"elementor_header_footer","meta":{"om_disable_all_campaigns":false,"_monsterinsights_skip_tracking":false,"_monsterinsights_sitenote_active":false,"_monsterinsights_sitenote_note":"","_monsterinsights_sitenote_category":0,"footnotes":""},"class_list":["post-278","page","type-page","status-publish","hentry"],"yoast_head":"<!-- This site is optimized with the Yoast SEO plugin v25.3.1 - https:\/\/yoast.com\/wordpress\/plugins\/seo\/ -->\n<title>Studio - Studio Asario<\/title>\n<meta name=\"robots\" content=\"index, follow, max-snippet:-1, max-image-preview:large, max-video-preview:-1\" \/>\n<link rel=\"canonical\" href=\"https:\/\/studioasario.fr\/index.php\/studio\/\" \/>\n<meta property=\"og:locale\" content=\"fr_FR\" \/>\n<meta property=\"og:type\" content=\"article\" \/>\n<meta property=\"og:title\" content=\"Studio - Studio Asario\" \/>\n<meta property=\"og:description\" content=\"Le Studio Asario est un atelier d&rsquo;architecture fond\u00e9 en 2010 par Jean-Marc Rio, architecte DPLG. Situ\u00e9 \u00e0 Issy-les-Moulineaux (92), dans le Grand Paris Seine Ouest, il r\u00e9unit des experts ind\u00e9pendants pour chaque mission : architectes partenaires, ing\u00e9nieurs sp\u00e9cialis\u00e9s, paysagistes, chefs de chantier, architectes d&rsquo;int\u00e9rieurs&#8230; Le niveau d&rsquo;exp\u00e9rience est le fruit d&rsquo;un travail de plus de &hellip; Studio Lire la suite\u00a0\u00bb\" \/>\n<meta property=\"og:url\" content=\"https:\/\/studioasario.fr\/index.php\/studio\/\" \/>\n<meta property=\"og:site_name\" content=\"Studio Asario\" \/>\n<meta property=\"article:modified_time\" content=\"2025-06-17T22:42:36+00:00\" \/>\n<meta name=\"twitter:card\" content=\"summary_large_image\" \/>\n<meta name=\"twitter:label1\" content=\"Dur\u00e9e de lecture estim\u00e9e\" \/>\n\t<meta name=\"twitter:data1\" content=\"2 minutes\" \/>\n<script type=\"application\/ld+json\" class=\"yoast-schema-graph\">{\"@context\":\"https:\/\/schema.org\",\"@graph\":[{\"@type\":\"WebPage\",\"@id\":\"https:\/\/studioasario.fr\/index.php\/studio\/\",\"url\":\"https:\/\/studioasario.fr\/index.php\/studio\/\",\"name\":\"Studio - Studio Asario\",\"isPartOf\":{\"@id\":\"https:\/\/studioasario.fr\/#website\"},\"datePublished\":\"2020-09-11T02:58:08+00:00\",\"dateModified\":\"2025-06-17T22:42:36+00:00\",\"breadcrumb\":{\"@id\":\"https:\/\/studioasario.fr\/index.php\/studio\/#breadcrumb\"},\"inLanguage\":\"fr-FR\",\"potentialAction\":[{\"@type\":\"ReadAction\",\"target\":[\"https:\/\/studioasario.fr\/index.php\/studio\/\"]}]},{\"@type\":\"BreadcrumbList\",\"@id\":\"https:\/\/studioasario.fr\/index.php\/studio\/#breadcrumb\",\"itemListElement\":[{\"@type\":\"ListItem\",\"position\":1,\"name\":\"Home\",\"item\":\"https:\/\/studioasario.fr\/\"},{\"@type\":\"ListItem\",\"position\":2,\"name\":\"Studio\"}]},{\"@type\":\"WebSite\",\"@id\":\"https:\/\/studioasario.fr\/#website\",\"url\":\"https:\/\/studioasario.fr\/\",\"name\":\"Studio Asario\",\"description\":\"\",\"publisher\":{\"@id\":\"https:\/\/studioasario.fr\/#organization\"},\"potentialAction\":[{\"@type\":\"SearchAction\",\"target\":{\"@type\":\"EntryPoint\",\"urlTemplate\":\"https:\/\/studioasario.fr\/?s={search_term_string}\"},\"query-input\":{\"@type\":\"PropertyValueSpecification\",\"valueRequired\":true,\"valueName\":\"search_term_string\"}}],\"inLanguage\":\"fr-FR\"},{\"@type\":\"Organization\",\"@id\":\"https:\/\/studioasario.fr\/#organization\",\"name\":\"Studio Asario\",\"url\":\"https:\/\/studioasario.fr\/\",\"logo\":{\"@type\":\"ImageObject\",\"inLanguage\":\"fr-FR\",\"@id\":\"https:\/\/studioasario.fr\/#\/schema\/logo\/image\/\",\"url\":\"https:\/\/studioasario.fr\/wp-content\/uploads\/2021\/04\/studio-asario-210427-1.svg\",\"contentUrl\":\"https:\/\/studioasario.fr\/wp-content\/uploads\/2021\/04\/studio-asario-210427-1.svg\",\"caption\":\"Studio Asario\"},\"image\":{\"@id\":\"https:\/\/studioasario.fr\/#\/schema\/logo\/image\/\"}}]}<\/script>\n<!-- \/ Yoast SEO plugin. -->","yoast_head_json":{"title":"Studio - Studio Asario","robots":{"index":"index","follow":"follow","max-snippet":"max-snippet:-1","max-image-preview":"max-image-preview:large","max-video-preview":"max-video-preview:-1"},"canonical":"https:\/\/studioasario.fr\/index.php\/studio\/","og_locale":"fr_FR","og_type":"article","og_title":"Studio - Studio Asario","og_description":"Le Studio Asario est un atelier d&rsquo;architecture fond\u00e9 en 2010 par Jean-Marc Rio, architecte DPLG. Situ\u00e9 \u00e0 Issy-les-Moulineaux (92), dans le Grand Paris Seine Ouest, il r\u00e9unit des experts ind\u00e9pendants pour chaque mission : architectes partenaires, ing\u00e9nieurs sp\u00e9cialis\u00e9s, paysagistes, chefs de chantier, architectes d&rsquo;int\u00e9rieurs&#8230; Le niveau d&rsquo;exp\u00e9rience est le fruit d&rsquo;un travail de plus de &hellip; Studio Lire la suite\u00a0\u00bb","og_url":"https:\/\/studioasario.fr\/index.php\/studio\/","og_site_name":"Studio Asario","article_modified_time":"2025-06-17T22:42:36+00:00","twitter_card":"summary_large_image","twitter_misc":{"Dur\u00e9e de lecture estim\u00e9e":"2 minutes"},"schema":{"@context":"https:\/\/schema.org","@graph":[{"@type":"WebPage","@id":"https:\/\/studioasario.fr\/index.php\/studio\/","url":"https:\/\/studioasario.fr\/index.php\/studio\/","name":"Studio - Studio Asario","isPartOf":{"@id":"https:\/\/studioasario.fr\/#website"},"datePublished":"2020-09-11T02:58:08+00:00","dateModified":"2025-06-17T22:42:36+00:00","breadcrumb":{"@id":"https:\/\/studioasario.fr\/index.php\/studio\/#breadcrumb"},"inLanguage":"fr-FR","potentialAction":[{"@type":"ReadAction","target":["https:\/\/studioasario.fr\/index.php\/studio\/"]}]},{"@type":"BreadcrumbList","@id":"https:\/\/studioasario.fr\/index.php\/studio\/#breadcrumb","itemListElement":[{"@type":"ListItem","position":1,"name":"Home","item":"https:\/\/studioasario.fr\/"},{"@type":"ListItem","position":2,"name":"Studio"}]},{"@type":"WebSite","@id":"https:\/\/studioasario.fr\/#website","url":"https:\/\/studioasario.fr\/","name":"Studio Asario","description":"","publisher":{"@id":"https:\/\/studioasario.fr\/#organization"},"potentialAction":[{"@type":"SearchAction","target":{"@type":"EntryPoint","urlTemplate":"https:\/\/studioasario.fr\/?s={search_term_string}"},"query-input":{"@type":"PropertyValueSpecification","valueRequired":true,"valueName":"search_term_string"}}],"inLanguage":"fr-FR"},{"@type":"Organization","@id":"https:\/\/studioasario.fr\/#organization","name":"Studio Asario","url":"https:\/\/studioasario.fr\/","logo":{"@type":"ImageObject","inLanguage":"fr-FR","@id":"https:\/\/studioasario.fr\/#\/schema\/logo\/image\/","url":"https:\/\/studioasario.fr\/wp-content\/uploads\/2021\/04\/studio-asario-210427-1.svg","contentUrl":"https:\/\/studioasario.fr\/wp-content\/uploads\/2021\/04\/studio-asario-210427-1.svg","caption":"Studio Asario"},"image":{"@id":"https:\/\/studioasario.fr\/#\/schema\/logo\/image\/"}}]}},"_links":{"self":[{"href":"https:\/\/studioasario.fr\/index.php\/wp-json\/wp\/v2\/pages\/278","targetHints":{"allow":["GET"]}}],"collection":[{"href":"https:\/\/studioasario.fr\/index.php\/wp-json\/wp\/v2\/pages"}],"about":[{"href":"https:\/\/studioasario.fr\/index.php\/wp-json\/wp\/v2\/types\/page"}],"author":[{"embeddable":true,"href":"https:\/\/studioasario.fr\/index.php\/wp-json\/wp\/v2\/users\/1"}],"replies":[{"embeddable":true,"href":"https:\/\/studioasario.fr\/index.php\/wp-json\/wp\/v2\/comments?post=278"}],"version-history":[{"count":68,"href":"https:\/\/studioasario.fr\/index.php\/wp-json\/wp\/v2\/pages\/278\/revisions"}],"predecessor-version":[{"id":1411,"href":"https:\/\/studioasario.fr\/index.php\/wp-json\/wp\/v2\/pages\/278\/revisions\/1411"}],"wp:attachment":[{"href":"https:\/\/studioasario.fr\/index.php\/wp-json\/wp\/v2\/media?parent=278"}],"curies":[{"name":"wp","href":"https:\/\/api.w.org\/{rel}","templated":true}]}}